60. List the prime factors of w.
7
Let a be (-1 - -3)*(-3)/2. Let p(u) = -u**2 - 3*u - 2. Let r be p(a). Let l(t) = -t**3 - 2*t**2 - 2*t - 1. What are the prime factors of l(r)?
3
Suppose 3*p - 33 = 2*w, -w = -5*p + 2*w + 54. What are the prime factors of p?
3
Suppose -2*h = 4*q - 78, -q + 0*h = -h - 15. What are the prime factors of q?
2, 3
Let t(y) = 8*y - 51. What are the prime factors of t(17)?
5, 17
Suppose -3*u + 10 = -2*y, -u + 0*u = 4*y + 20. Let t(i) = 38*i. Let p be t(3). List the prime factors of p/8 + y/20.
2, 7
Suppose 10*k - 20 = 5*k, 79 = 3*a - 2*k. What are the prime factors of a?
29
Let a(o) = 2*o**2 + 5*o + 4. Let p be a(-5). Suppose -p - 19 = -4*t. What are the prime factors of t?
2, 3
Suppose 4*r = 2*r + 8. Suppose -5*q = 2*g - 107, g = -q + 18 + r. List the prime factors of q.
3, 7
Suppose 0*f + f - 146 = 2*u, 3*f + 5*u - 405 = 0. List the prime factors of f.
2, 5, 7
Suppose -i = n - 39, -i = 5*n + i - 180. What are the prime factors of n?
2, 17
Suppose -2*a = -0*a - 12. Let k = -13 + 11. What are the prime factors of 28/a + k/(-6)?
5
List the prime factors of 5*1*(-10 + 12).
2, 5
Let x = -13 + 22. Suppose 0 = 3*z + q - 6, 0 = 5*z - 3*z + 5*q + x. What are the prime factors of z?
3
What are the prime factors of (-6)/(225/78 - 3)?
2, 13
Suppose 140 = 3*k + 2. What are the prime factors of k?
2, 23
What are the prime factors of -4*34*(-1)/4?
2, 17
Let d = -9 - -7. Let u = 6 + d. Suppose 0 = -9*n + u*n - 5*s + 60, -s = -4*n + 28. What are the prime factors of n?
2
Let n = -8 - -3. List the prime factors of (n + 4)*(0 + -5).
5
Suppose -d + 0*b + 2*b = -67, 0 = -5*d + b + 371. Suppose -2*x = 3*x + 5*p - d, -p - 51 = -5*x. List the prime factors of x.
11
Let k = -59 + 246. List the prime factors of k.
11, 17
Let q = 0 + -1. Let c = 6 - q. List the prime factors of c.
7
Let a = 5 - 2. Suppose t + 5*m = -21, -t - 9 - 6 = a*m. Let f = 1 - t. What are the prime factors of f?
7
Let g(h) = 11*h. Let f be g(3). List the prime factors of 1/(3 + f/(-12)).
2
Suppose -305 = -4*h + 291. List the prime factors of h.
149
Let q = -15 + 18. Suppose 25 = 2*r + q*r. What are the prime factors of r?
5
Let u be (-2)/(-6)*(-9)/3. Let v(h) = -22*h - 1. List the prime factors of v(u).
3, 7
List the prime factors of ((-5)/2)/(7/(-490)).
5, 7
Let o = 17 + -6. Suppose b + o - 47 = 0. List the prime factors of b.
2, 3
Suppose 4*g - 2*g = 44. What are the prime factors of (-4)/g + 404/44?
3
Suppose 4*t = 3*t + 24. Let g = 9 - t. Let p = g - -29. List the prime factors of p.
2, 7
Let b be (-123)/15 - (-6)/30. List the prime factors of 25/1 - (b + 5).
2, 7
Suppose -12 = -3*y - 3*h, 1 - 11 = -3*y - h. Suppose -3*g = 2*g - y*u - 100, 5*g - 100 = -u. List the prime factors of g.
2, 5
Suppose -f - 28 = -3*l + l, 0 = -5*f - 5*l - 65. Let o be ((-5)/(-4))/(3/60). Let n = f + o. List the prime factors of n.
7
Let s(f) = -3*f + 1. Let t be s(-1). Suppose 2 + 4 = -2*k + 5*i, t*i = -4*k + 44. List the prime factors of k.
7
Suppose -d + 19 = 2*n + 2*d, -n = -d - 2. Let g = n + 3. List the prime factors of g.
2
List the prime factors of 14/21 + 64/3.
2, 11
Let f(p) = -6*p**3 - 2*p**2 + 1. Let l = -2 + 3. Suppose m = -q - l, 0 = -q - 3*m - 3 + 2. List the prime factors of f(q).
5
Let r = -2 + -4. Let p be (5/3)/(2/r). Let z(s) = s + 10. What are the prime factors of z(p)?
5
Let v(h) = -h**2 - 3*h + 1. Let c be v(-3). Suppose -3*f + 11 = -c. Suppose -2*z - 18 = -f*z. List the prime factors of z.
3
Let g(u) = 4*u + 37. What are the prime factors of g(16)?
101
Let v(i) = 29*i + 44. List the prime factors of v(8).
2, 3, 23
Let w = 3 - 8. Let h be (w/(-3))/((-2)/(-18)). Suppose -4*u - 3 = 4*o - 47, -u + 3*o + h = 0. List the prime factors of u.
2, 3
Let r(l) = l**3 + 8*l**2 + 5*l - 5. Let v be r(-5). Let u = v - 11. What are the prime factors of u?
2, 17
What are the prime factors of 3980/18 - 25/225?
13, 17
Let d(l) = l**2 + 9*l + 3. Let f be d(-10). Suppose f*h = 8*h + 160. What are the prime factors of h?
2
Suppose 4*c + 4 = 5*c. Let m = 4 + c. What are the prime factors of m?
2
Suppose -s + 22 = -6. What are the prime factors of s?
2, 7
Let m(q) = -350*q + 3. What are the prime factors of m(-1)?
353
Let d(v) = 28*v - 2. Let l = 3 - 2. List the prime factors of d(l).
2, 13
Suppose -5*z + 33 = r, -5*z + 16 = -r - 11. Suppose p = -y + 3, -z*p - y + 12 = -2*p. What are the prime factors of p?
3
Let k(b) = -5 + 3 - 2*b + 5. What are the prime factors of k(-5)?
13
Suppose 2*a - 8 = -5*b, -3*b + 20 = b + 5*a. Suppose 42 = 3*o + 5*q - 26, b = 5*o + 2*q - 126. List the prime factors of o.
2, 13
Suppose 4*a = 4*k - 78 - 74, -4*k = -5*a - 156. What are the prime factors of k?
2, 17
Suppose -12*g = 120 - 3060. What are the prime factors of g?
5, 7
Let b be 30/(-9) + 6/(-9). List the prime factors of b/12 + 228/9.
5
Let n be 1 + 0 + -1 - -3. Suppose n*c - 4*c + 117 = -3*j, -j + 4*c = 28. Let m = -21 - j. List the prime factors of m.
19
Let j(w) = w**2 + w + 1. Suppose y = -4*g + 14, -3*g + 5*y + 2 = g. What are the prime factors of j(g)?
13
Let n be 16/(-56) + (-44)/(-7). Suppose 3*g - 2*a = -14, -3*a + n*a = -g - 12. What are the prime factors of (-46)/g + (-2)/3?
7
Suppose -3*i - 666 = -3*x, 2*x - i + 883 = 6*x. What are the prime factors of x?
13, 17
Let v(a) = -4*a - 1. List the prime factors of v(-26).
103
Let l = -10 - -22. Let h(n) = 2*n - 9. List the prime factors of h(l).
3, 5
Let o(n) = -6*n + 7. Let l be o(-7). Let b(g) = -4*g + 4. Let z be b(2). List the prime factors of (l/(-14))/(2/z).
7
Suppose 0*o = -2*o. Suppose -5*n + 17 + 18 = o. What are the prime factors of n?
7
Let v(z) = z - 1. Let i(n) = -n**3 - 4*n**2 + n - 7. Let y be i(-5). List the prime factors of v(y).
2, 3
What are the prime factors of (7 - 2)*(-2 - (0 - 25))?
5, 23
Let d = 599 + -422. List the prime factors of d.
3, 59
Suppose -3*v + 0*v = -4*g - 166, -110 = -2*v + 3*g. Let l = v - 12. List the prime factors of l.
2, 23
List the prime factors of (-10)/(-45) + 61/9.
7
Let b(i) = -6*i - 1. List the prime factors of b(-4).
23
Let a be (20/(-25))/((-1)/5). Suppose 0 = 3*k - 19 + a. List the prime factors of k.
5
Suppose -25 = -2*h + 27. What are the prime factors of h?
2, 13
Let z(t) = -t + 10. Let s be z(8). What are the prime factors of -2 - s/(6/(-27))?
7
Suppose -2*n + 8 = -3*r, -4*n - 4*r + 24 = 8. List the prime factors of (0 - 42)/(n + -6).
3, 7
Suppose -15 = 5*l + 10, -2*x - 4*l = 36. Let h = x + 11. What are the prime factors of 3*h/9 + 8?
3
Suppose 4*i - 190 = -i. Suppose -3*d + i = d - 5*r, 0 = -5*d + 2*r + 39. List the prime factors of d.
7
Suppose -176 = 9*h - 1904. List the prime factors of h.
2, 3
Let m(d) = 2 + 3*d + 3 - 4*d. Let u(h) = h**3 + 6*h**2 + 3. Let y be u(-6). List the prime factors of m(y).
2
Let b(a) be the first derivative of -a**3/3 + 8*a**2 - 16*a + 6. What are the prime factors of b(11)?
3, 13
Let g = -31 + 52. Let w = -9 + g. List the prime factors of w.
2, 3
Suppose 4*z - 708 = -2*t, -z - 2*t = -108 - 69. List the prime factors of z.
3, 59
Suppose 5*p = -d - 12 + 32, 4*p = 2*d + 2. Suppose 32 = d*u + b, 9 = -2*b - b. Let z = 11 - u. List the prime factors of z.
2
Suppose -249 = -3*w - 0*w. List the prime factors of w.
83
List the prime factors of ((-600)/21)/(-4)*7.
2, 5
Let m = -100 - -150. List the prime factors of m.
2, 5
Suppose 29 + 51 = 4*b. Suppose -d + b = o, 3*d + 4*o = 5*d - 64. What are the prime factors of d?
2, 3
Suppose -3*n - 5 + 2 = 0, 0 = 3*i + 5*n - 4. Suppose -r - 5*h + 11 = -2*h, i*h = -3*r + 15. Suppose l - r*l + 8 = 0. What are the prime factors of l?
2
Suppose 12*k = 10*k + 128. What are the prime factors of k?
2
Suppose 4*c - 3*j = 2*c + 23, c + 1 = -j. List the prime factors of c.
2
Suppose 0 = 4*f - 68 + 4. What are the prime factors of f?
2
Let g(d) = -1 - 3 - 1 - d**3 - 2*d + 6*d**2. Let v(y) = -y**3 - 9*y**2 - 10*y - 11. Let w be v(-8). List the prime factors of g(w).
2, 5
Let s(n) = n**2 - 9*n + 9. What are the prime factors of s(11)?
31
Let m = 23 + 15. What are the prime factors of m?
2, 19
Let k(y) = -y**3 - 7*y**2 + 10*y - 14. What are the prime factors of k(-10)?
2, 3, 31
Suppose 1 = 3*s + 22. Let w = 36 + -47. Let d = s - w. What are the prime factors of d?
2
Suppose -65*l = -70*l + 290. List the prime factors of l.
2, 29
Let z be 1